 3 = 3*d + 3*p, 0 = f*d - 3*d + 3*p + 9. What is the greatest common factor of 33 and d?
3
Suppose -4*h + 5*p = -3366, -1296 = 3*h + p - 3792. Calculate the greatest common factor of h and 6.
6
Let o(h) = 18*h**2 - 2*h + 1. Let c be o(1). Let l be -1838*(-3)/(1/1*2). Let x be (-5)/30 + l/18. What is the greatest common factor of x and c?
17
Suppose -4*r = -2*o - r + 432, -5*r + 432 = 2*o. Calculate the highest common divisor of o and 2952.
72
Suppose 50*h - 26*h - 1080 = 0. Calculate the greatest common factor of h and 885.
15
Let f = 23 + 34. Let t = 52 - f. Let z be (-6)/33 - ((-4220)/(-44))/t. What is the highest common divisor of 76 and z?
19
Let z(t) = -2*t**3 - 4*t**2 - 2*t. Let v be z(-2). Suppose -28*f = 882 - 7714. What is the greatest common divisor of v and f?
4
Suppose 2*a = -2*m + 392, 625*m - 5*a = 622*m + 620. What is the highest common divisor of m and 50?
50
Let w(z) = 7*z - 2. Let d be w(4). Let q be (12/5)/(252/(-840)) + 450. Calculate the greatest common factor of d and q.
26
Let b = 314 + -263. Suppose -b*g + 49*g = -72. What is the greatest common divisor of 72 and g?
36
Suppose 0 = 4*d - 235 - 21. Let m(o) = -o**2 + 7*o + 5. Let z be m(-4). Let j = z + d. Calculate the highest common divisor of j and 5.
5
Suppose 0 = -155*s - 145*s + 282*s + 1980. Calculate the greatest common divisor of s and 2002.
22
Let p be (546/65)/((-29)/(-30) + -1). Let c = -244 - p. Calculate the highest common factor of c and 344.
8
Suppose 0 = -7*x + 18*x + 9*x - 14940. What is the greatest common factor of x and 9?
9
Suppose -2 = -5*k - 17. Let n = 94 + k. Let p(s) = -s**3 + 10*s**2 + 15*s - 31. Let a be p(11). What is the greatest common divisor of n and a?
13
Let r(c) = -38 - 28*c**2 + 4*c + 39 + 2*c - 3*c. Let k be r(-1). Let b = k - -38. What is the highest common factor of 4 and b?
4
Let o be (-1235)/(-26)*2820/75. What is the greatest common factor of o and 114?
38
Let k = -165 - -330. Let h = -101 + k. Calculate the highest common divisor of 8 and h.
8
Let q = -8274 + 8614. What is the highest common divisor of 3655 and q?
85
Let l = -342 - -405. What is the greatest common factor of l and 72?
9
Suppose -1118 = -14*z - 82. Suppose -67 = 2*l - 6*l - 5*a, -z = -4*l + 2*a. What is the greatest common factor of l and 846?
18
Suppose -88 = -3720*v + 3709*v. Calculate the greatest common factor of v and 5144.
8
Suppose a + 2*p - 4 = 3*p, -a - p + 4 = 0. Suppose 49*c - a*l = 44*c + 320, -4*c - 3*l = -256. Calculate the highest common divisor of c and 8.
8
Let f(w) be the first derivative of 15*w**2/2 - 114*w - 14. Let s be f(10). What is the greatest common factor of s and 12?
12
Let o be (1/(-6) - 5/(-2))*21. Suppose 160 = o*a - 47*a. What is the greatest common factor of 5 and a?
5
Let o be -2 - (-19 - (-4 + 1)). Suppose 4*j + 0*j = -4*u - 24, -u + 3*j = -o. Let y be u*(-4)/(1 - -3) + 9. Calculate the highest common factor of y and 40.
10
Let i(b) = 2*b + 10. Let v be i(2). Let f = v - 10. Suppose 9*c = 4*c + 15, f*c = 3*p - 51. What is the greatest common divisor of 105 and p?
21
Suppose 0 = -3*z - 2*z - 20. Let a(s) = 49*s**2 + 3*s + 28. Let l be a(z). What is the greatest common divisor of l and 25?
25
Suppose 281 = g - 4*v, -4*g + 428 = v - 781. Calculate the highest common factor of g and 31003.
301
Let q be 31 + 2/(-1) + 2. Suppose 0 = 4*f - 10*f. Suppose 0 = -0*x - x - 3*r + 232, 2*x + 3*r - 449 = f. What is the greatest common factor of x and q?
31
Suppose -21*l = -27*l + 36. Suppose -l*j + 2211 = -675. Calculate the greatest common divisor of 111 and j.
37
Suppose 8147 - 3785 = 61*q - 14548. What is the greatest common factor of q and 46810?
310
Let m = 27092 + -25274. Calculate the highest common factor of 1010 and m.
202
Suppose 2*j = 4408 - 416 + 670. What is the highest common divisor of j and 441?
63
Suppose -4*r = -0*r - 224. Let i = -52 + r. Suppose -3*s - 15 = -2*l + 21, i*l = -5*s + 28. Calculate the greatest common divisor of 8 and l.
4
Suppose 0*z + 5*z = -70. Let y = -8 - z. Let l = -897 - -903. What is the highest common factor of y and l?
6
Suppose -552*m + 252 = -538*m. Suppose 0 = -8*u + 5*u. Suppose -5*f - 18 + 28 = u. What is the greatest common divisor of m and f?
2
Let v = 648 + -512. Suppose 5*r + 470 = 170. Let x = v + r. Calculate the greatest common divisor of x and 4.
4
Suppose 0 = 183*y - 60*y - 4059. Calculate the highest common divisor of y and 24024.
33
Suppose -4*f = k + 12, -4*k + 2*f = 6 - 48. What is the greatest common factor of k and 262?
2
Let a = -3282 - -4081. What is the greatest common divisor of 34 and a?
17
Let s be (-3)/((3 + -1)*(33/(-4))/11). What is the highest common factor of 10834 and s?
2
Let r = 168 + -152. Let v(o) = -1 + 5 + 2*o**2 - 3*o**2 + 9*o**2 + o. Let u be v(-4). What is the greatest common factor of u and r?
16
Let n = 476 + -426. Let o = n + 247. Calculate the highest common divisor of 66 and o.
33
Let a be (-260)/(-39) - -1*(-1)/(-3). Suppose -a*n - 8 = -11*n. Suppose -3*t + 56 = t. What is the highest common divisor of n and t?
2
Suppose -3*n - o = -5*n + 21, 0 = -5*o - 15. Let p = -11 + 17. Suppose -243 = p*r - 9*r. What is the greatest common factor of r and n?
9
Let w be 3/(-15)*(-40)/(-6)*-9. Suppose 1091 + 50 = 5*k - v, 5*k + v = 1139. What is the highest common factor of w and k?
12
Let f(q) = 85*q + 31. Let n be f(8). Calculate the highest common factor of 3634 and n.
79
Let f be (-2)/(-8) + (-5)/5 + 25218/24. Calculate the highest common factor of f and 1650.
150
Suppose 210 - 10 = 5*r. Suppose -4 = -5*v + 3*v - 2*n, -v - 4*n - 7 = 0. Suppose 255 + 245 = v*h. Calculate the highest common divisor of r and h.
20
Suppose -10*v + 2*v + 14504 = 0. Calculate the highest common factor of v and 196.
49
Suppose 21*i - 17*i - 88 = 0. Suppose i*j - 18*j = 8. Suppose -3*f + 47 = -31. What is the greatest common factor of f and j?
2
Let v(r) = 2*r**2 + 139*r + 830. Let b be v(-63). Calculate the greatest common factor of 44 and b.
11
Let d = 57 + -53. Suppose -d*u - 143 - 57 = 0. Let j = -11 - u. What is the greatest common divisor of j and 26?
13
Suppose -77*z = -58*z - 18601. Let a = -49 + z. What is the greatest common divisor of a and 30?
30
Let f(c) = 17*c**3 - 11*c**2 + 12*c - 35. Let g be f(10). Calculate the greatest common factor of 460 and g.
115
Let p = -215 + 218. Let f = 150 + -93. What is the greatest common divisor of f and p?
3
Let k(g) = -7*g + 11 + 4 + 4. Let s be k(-3). Suppose -s = -6*t + 2*t. Calculate the highest common divisor of t and 50.
10
Let i(q) = 6*q + 50. Suppose -29*k + 32*k - 30 = 0. Let f be i(k). What is the greatest common divisor of f and 66?
22
Let z = 1208 + -917. Suppose 23*p - z = 54. Calculate the greatest common divisor of 36 and p.
3
Suppose 9*k - 10 - 74 = -3*x, -k + 28 = 5*x. What is the greatest common factor of k and 1544?
8
Let y = -3275 + 3785. Calculate the greatest common factor of 10030 and y.
170
Let q be (-14)/77 - (-86)/(-11). Let j(f) = f**2 + 4*f - 2. Let u be j(q). Calculate the highest common factor of 50 and u.
10
Suppose 0 = 20*m - 44507 - 493. Calculate the greatest common factor of 90 and m.
90
Suppose -2*o = -3*v - 40893, -19*v + 22*v + 81759 = 4*o. Calculate the highest common divisor of 14 and o.
7
Let w(c) = 2278*c**3 - 9*c**2 + c - 2. Let x be w(1). What is the highest common divisor of x and 882?
126
Suppose 0*k - 20 = -4*k. Let c be 54/k*(-20)/(-6). Suppose 24*n + 14*n - 342 = 0. Calculate the highest common factor of c and n.
9
Let s(q) = -2*q + 13. Let o(g) = 1. Let a(k) = -5*o(k) - s(k). Let b be a(11). Suppose -519 = -b*c - 35. What is the highest common divisor of 11 and c?
11
Suppose -74*w + 302475 = -174677. Calculate the greatest common factor of 62 and w.
62
Suppose 0 = -72*m + 66*m - 480. Let l = -78 - m. Suppose -3*u = 2*a - 62, 0*a = l*a - 2. Calculate the greatest common factor of u and 160.
20
Suppose -4*y + 364 = 4*i, -5*i + y + 425 = -30. Let r = -36 - -40. Suppose m + 0*m - r*g = i, 5*m - 371 = -g. What is the highest common divisor of m and 50?
25
Let g be ((-5)/15)/((-3)/414). Let a = -32 + g. Suppose 0 = h + a - 78. Calculate the greatest common factor of 4 and h.
4
Suppose 90 = 13*w - 40. Suppose 0 = -w*x + 317 + 113. What is the greatest common divisor of 129 and x?
43
Suppose -